 0)?
1
Evaluate 3 + -5 + 1 + -2 + (3 - 3).
-3
Evaluate -21 - -33 - 44 - -39.
7
(1 - (1 + 10)) + (-21 + 17 - -34)
20
What is the value of (16 - -4) + -12 + -25 + -5?
-22
Evaluate (17 - 1) + (-6 - (-13 - -18)).
5
What is -5 + (4 - 7) - ((7 - -4) + -23)?
4
What is the value of -118 + 100 + 0 + 12?
-6
-15 - 4 - (5 + -7 - 8)
-9
What is 5 - (-1 - 1) - (45 - (69 + -26))?
5
Evaluate (3 + -4 - (-53 + 52)) + (-1 - 4).
-5
What is the value of -2 + (9 - 12) + -6?
-11
What is -25 - (-26 + (19 - 2))?
-16
What is the value of -4 + -2 - (26 - (1 - -16))?
-15
What is 9 - ((-12 - -32) + -10) - -17?
16
Calculate (2 - -8) + (21 + -1 - 24).
6
What is the value of (6 - (15 - 19)) + 6?
16
What is the value of 53 + -16 + 30 + -104?
-37
Calculate -9 + 14 + 13 + (-17 - -25).
26
Calculate 26 + (24 - 70) - -13.
-7
What is -1 + 0 - -6 - (-5 + 7 - -6)?
-3
What is the value of 5 - (-3 + (103 - 108) + 12 + 0)?
1
Evaluate -4 - (6 + -13 + 13).
-10
What is -2 - -1 - (1 - 9) - (-592 - -599)?
0
What is 5 - (1 + 0 - (-6 - -10 - 6))?
2
Calculate -10 + (14 - 36) - -34.
2
Evaluate (14 - -1 - (20 + -2)) + 15.
12
6 + -7 + 5 + -5
-1
What is the value of 23 + -1 + -22 + 14?
14
What is -3 + 9 + -14 + -10?
-18
What is the value of 0 - -3 - (-59 + 56)?
6
Evaluate 5 - ((30 - 23) + (-3 - (1 + 1))).
3
17 + 1 + 235 + -240
13
Evaluate -27 - (1 - (37 + -37)).
-28
What is the value of (7 - (2 + -7 + 9 + 2)) + -12?
-11
Evaluate -19 - (-26 + -9) - 36.
-20
Calculate 1 + 3 - ((28 - 10) + (-1 - 2)).
-11
What is -4 + 3 - (-3 + (14 - -2) + -1)?
-13
What is (11 + 12 - 17) + -2?
4
What is the value of -15 + -19 + 15 + 32?
13
What is -26 - -14 - (-1 + -16 + -4 + 10)?
-1
-10 + 15 + (8 - (5 - 1) - -3)
12
Evaluate -18 + (21 - (-18 + 21)) - (-26 + 0).
26
Calculate -4 - (-23 + 17 - (0 + 23)).
25
What is (0 + 6 - 5) + -5 + 3?
-1
What is the value of (-5 - (-11 - -8)) + 12 + -31 - 8?
-29
What is 15 - (-3 - (-8 + -2))?
8
What is 291 + -285 - (3 + -1 + 11)?
-7
What is the value of 36 + (13 - 4) - (2 - (2 - 5))?
40
-6 + (39 + -36 - (-1 + -5)) - 5
-2
What is 3 + 9 + -22 + 6?
-4
Calculate -6 + 24 + 1 + (11 - (24 + -10)).
16
Evaluate -15 - (12 + -9) - -17.
-1
What is -13 - (8 + -17) - 1?
-5
Evaluate 9 + (8 - 5 - (24 + -7)).
-5
Evaluate (6 - -1) + -6 + -3 + -4.
-6
What is (10 - (-9 - -2)) + -8 - (-8 + 1)?
16
Calculate 0 + 2 + 2 + (26 - 41).
-11
10 - (5 - -2 - (1 + 2))
6
What is the value of (39 + -58 - 8) + 44?
17
Calculate 6 - (11 - (4 + 0) - 1).
0
Calculate -1 - 4 - (-12 + -7 - -27).
-13
What is the value of 32 - (9 + (-4 - -27) + -17)?
17
What is the value of (-38 - -17) + 9 + -5 + 2?
-15
Evaluate 42 + -27 + 17 + -12.
20
(-9 - (20 - -5)) + (11 - (-4 - -7))
-26
Evaluate -4 + 0 - (5 - (-34 + 43)).
0
(-4 - -3 - 1) + 2 + -6
-6
-8 + -21 + 24 + -7
-12
Evaluate 15 + (-11 - 5) - (-4 + 2 - 8).
9
-13 - -20 - (53 + -40)
-6
Evaluate -2 - (3 + -3 - -2) - -16.
12
-40 - (-13 + (26 - 87))
34
What is 9 + -22 - 0 - (0 + 9)?
-22
-3 - -15 - (-35 + 17 + 27)
3
Calculate (9 - 4) + -7 - (-4 - (1 + 0)).
3
What is (23 - 17) + -1 + 1 - (7 + 3)?
-4
-3 - 11 - (-5 + -13)
4
What is 1 - (-13 - (-7 + 6))?
13
What is -20 + 18 - -5 - (21 - 1)?
-17
Calculate 1 - (6 + -13 - (-5 - 1)) - 24.
-22
Calculate (-1 + 7 - (0 + 7 + 4)) + 1.
-4
What is -19 + (10 - 37) + 25?
-21
What is the value of (10 - 19) + 3 - 5?
-11
-1 + (4 - (6 + 6)) + (-1 - -1)
-9
What is the value of 5 - (-17 + -4) - 29?
-3
What is 13 + 8 + -41 + 18?
-2
Calculate 8 + (-12 - (6 - 9)) + -13.
-14
What is 13 - ((18 - 8) + -15)?
18
What is the value of -1 - (11 + 5 - (2 - (-5 + 2)))?
-12
What is the value of 8 - (21 + -1 + (-3 - -5))?
-14
Calculate 1 + (-27 - -46 - -6).
26
What is -14 + (-2 - 0) + 11?
-5
Evaluate 12 + (-12 - -6) + -14.
-8
14 + (3 + -10 - (-5 + 1))
11
What is -213 + 185 - (2 - -11)?
-41
What is the value of -26 + 24 + (-10 - (2 - 6))?
-8
What is the value of (4 - (-2 - -4 - -2)) + -73 + 80?
7
(2 - 6) + -164 + 178
10
Calculate -1 + (-71 + 59 - (-4 + -1)).
-8
What is the value of 31 + -21 + 10 + -12?
8
What is -1 + 21 + 18 + -24?
14
What is 8 + -15 + (-30 - -30)?
-7
What is (-10 - 4) + -5 + (342 - 293)?
30
What is 1 + -1 + (-4 - -24) + -9?
11
What is -27 + (16 - 12) + 10?
-13
Evaluate (-2 + 2 - -1) + -35 + (-6 - -28).
-12
What is 15 - ((-25 - -1) + 78 + -65)?
26
(-1 - -4) + (-2 + -11 - -3) + 15
8
Evaluate (-6 - -9 - 18) + (4 - 7) + 6.
-12
(-7 + -2 + 6 - -6) + -11 - 2
-10
Calculate -8 - (-8 - -15) - -11.
-4
What is (-10 - -3) + -2 - (1 - 8)?
-2
Calculate (4 - 38) + (7 - -16).
-11
What is the value of -9 + -3 - (-269 + 287)?
-30
What is (4 - 1) + (-649 - -649)?
3
Calculate (-2 - (-1 + 2 - -3)) + (85 - 84).
-5
Evaluate 16 + -1 - (72 + -68).
11
Calculate (-9 - 1) + 12 - 5 - 17.
-20
Calculate 1 - (-22 - -11 - 0).
12
What is 0 - (-4 + 16) - -13?
1
Calculate -10 + 8 + 5 + -3.
0
What is the value of -13 + 0 + (3 - -18)?
8
Calculate (-1 - -3) + (-5 + 17 - 13) + -1.
0
((-1 - -3) + 2 - 1) + (-2 - 5)
-4
What is the value of (-14 - 1) + 80 + -70 + (1 - 1)?
-5
Evaluate 3 + 6 + (-10 - (8 - -3)).
-12
Evaluate 12 + (13 - (36 - 21)).
10
Evaluate (4 + 9 + -7 - 2) + -23 + 3.
-16
Calculate -15 - (-516 + 522 + -1 + 1).
-21
Evaluate (41 - 54) + 11 + 3.
1
What is the value of (16 - (2 + 0)) + 2094 + -2126?
-18
What is the value of (2 - 2 - (55 + -59)) + 5 + -12?
-3
-7 + (15 - 11) + (5 - 4 - -7)
5
Calculate -3 - (-25 + (-14 - -34) + (-2 - 0)).
4
Calculate 15 - ((-1 - -20) + -10).
6
What is 9 - (41 + -41) - (2 + 0)?
7
What is the value of 29 + (-22 - -1) + (233 - 225)?
16
Evaluate 3 + 10 + 3 + -29 + 16.
3
What is (17 - (-5 + 14 + -6)) + -4?
10
What is the value of 13 - (-2 + -3 + 11) - -2?
9
Evaluate 12 - (-10 - -20) - 2.
0
What is the value of (-243 - -249) + -2 + (-5 - -1)?
0
Evaluate -30 + (16 - (-12 + 14)) + 3.
-13
Evaluate -34 - (-25 + 3) - (-21 - -4).
5
What is (15 - 3 - 3) + -2 + 0 + 4?
11
Calculate (-7 - (-7 + (-14 - -5))) + (-3 - -3).
9
What is -9 + -4 + 7 + 5 - (0 - -2)?
-3
What is 1 + (2 - -2) + -27 + (-11 - -22)?
-11
Evaluate -41 - (62 - 30 - 64).
-9
Calculate -8 + (3 - (11 - -5)) + 13.
-8
9 + (5 - (20 + -16)) + (1 - 1)
10
What is 6 + -36 + 54 + 0?
24
What is the value of -8 + -7 + 14 + (2 - 6)?
-5
What is the value of -13 - -18 - (-6 - (-6 - -5)) - -2?
12
Evaluate (6 - (-1 + 3 + -1)) + -17 - -6.
-6
Evaluate -1 + -5 + (8 - 4) + (-3 - 2).
-7
-11 - (-12 + 6) - 3
-8
Calculate 12 - (1 + (-7 - -21)).
-3
Evaluate -2 + -10 + (34 - 34 - -5).
-7
Evaluate -6 - (-1 - 7) - (7 - 13) - 33.
-25
What is the value of 3 + (-7 - -11) + (-7 - 8)?
-8
Evaluate (5 - 7) + -12 + 9 + -2 + -1.
-8
What is 6 + -17 - (-219 - -189)?
19
Calculate 15 - (-20 - (-52 - -8)).
-9
What is the value of (-6 - (-8 + 3)) + (1 - -1) - -5?
6
What is the value of -43 + -6 + (-20 - -26) + 10?
-33
What is (-17 - -21) + 14 + -7?
11
(5 - -14) + 0 + 15 + -30
4
What is the value of 39 - (19 + (9 - 13)) - -3?
27
What is the value of 4 - (-6 + 18) - (0 + -3 + -23)?
18
20 + -20 - 2 - 16
-18
Evaluate 35 + -16 + 15 + -5.
29
50 + -42 + (0 - 7) - -6
7
Evaluate (2 + (11 - 5) - 6) + 4 + 0.
6
-16 + -7 - (55 + -82)
4
-6 + 15 + -5 + -5 + -13
-14
Calculate -45 + -46 + 9 + 41.
-41
1 - 30 - (-4 + -24 + (-4 - -21))
-18
What is -12 - -12 - (-6 - (-8 - -3 - 8))?
-7
What is 8 - ((7 - (3 + 10)) + 18)?
-4
-8 + 2 - (-9 + 2 - -2 - -2)
-3
What is 6 - (1 + 0 - 4 - (-229 + 209))?
-11
What is the value of -2 - -4 - (-11 - -4)?
9
Evaluate (-15 - -17) + 4 - -1.
7
What is (4 - 18) + 4 - (0 - 0)?
-10
Evaluate 25 - ((-8 - -16) + 12).
5
Evaluate (2 - 1) + 7 + (6 - 12 - -24).
26
What is the value of 0 + 33 + 917 + -948?
2
1 - 1 - (2 - -7) - (-182 + 183)
-10
What is 2 + -11 - ((2 - 16) + (71 - 62))?
-4
Evaluate 1 - 0 - (145 - 151 - (2 - -1)).
10
Calculate 23 + (-16 - -30) + -15.
22
What is the value of (14 - 19 - -2) + -2 + (-4 - -2)?
-7
Evaluate -10 + (24 - 37 - -13).
-10
What is (-8 - -37) + -2 + -13?
14
Evaluate (-1 - -15) + (-2 - -3) + -6 - -1.
10
Evaluate -6 - (-3 - -4 - 3) - (3 - 1).
-6
What is the value of (20 + 6 - 39) + 36?
23
Calculate -50 + 13 - -15 - -9.
-13
What is (18 - -16) + -39 + 0 + -1 + -5?
-11
(-9 - (14 - 5)) + 29
11
What is the value of 11 + (1 - 0) + -21?
-9
Evaluate (22 - 15) + -14 - 10.
-17
What is (-6 - (-2 - 0)) + (5 - (20 + -13))?
-6
Evaluate -19 + 14 - -18 - 29.
-16
(17 - (-4 + 1)) + -53
-33
Calculate -12 - (9 - (-23 - -31)).
-13
Calculate 0 + 33 -